by 105?
99
What is the remainder when 260 is divided by 24?
20
What is the remainder when 276 is divided by 14?
10
Calculate the remainder when 189 is divided by 57.
18
Calculate the remainder when 228 is divided by 5.
3
Calculate the remainder when 703 is divided by 88.
87
What is the remainder when 82 is divided by 37?
8
What is the remainder when 58 is divided by 15?
13
Calculate the remainder when 964 is divided by 21.
19
Calculate the remainder when 1145 is divided by 294.
263
Calculate the remainder when 1373 is divided by 27.
23
What is the remainder when 245 is divided by 29?
13
Calculate the remainder when 18705 is divided by 13.
11
Calculate the remainder when 132 is divided by 43.
3
What is the remainder when 100 is divided by 34?
32
Calculate the remainder when 6 is divided by 2.
0
What is the remainder when 438 is divided by 86?
8
What is the remainder when 1273 is divided by 26?
25
What is the remainder when 4622 is divided by 13?
7
What is the remainder when 282 is divided by 5?
2
Calculate the remainder when 1139 is divided by 37.
29
What is the remainder when 2836 is divided by 23?
7
Calculate the remainder when 374 is divided by 8.
6
Calculate the remainder when 10 is divided by 7.
3
Calculate the remainder when 154 is divided by 57.
40
What is the remainder when 197 is divided by 12?
5
Calculate the remainder when 1939 is divided by 97.
96
What is the remainder when 205 is divided by 99?
7
What is the remainder when 380 is divided by 97?
89
What is the remainder when 91 is divided by 23?
22
Calculate the remainder when 4010 is divided by 17.
15
What is the remainder when 118 is divided by 26?
14
Calculate the remainder when 2064 is divided by 1030.
4
Calculate the remainder when 332 is divided by 150.
32
What is the remainder when 680 is divided by 250?
180
Calculate the remainder when 795 is divided by 782.
13
What is the remainder when 161 is divided by 161?
0
What is the remainder when 263 is divided by 148?
115
Calculate the remainder when 766 is divided by 364.
38
Calculate the remainder when 491 is divided by 12.
11
What is the remainder when 132 is divided by 34?
30
What is the remainder when 846 is divided by 24?
6
Calculate the remainder when 3442 is divided by 11.
10
Calculate the remainder when 140 is divided by 30.
20
Calculate the remainder when 75 is divided by 26.
23
What is the remainder when 3091 is divided by 2?
1
What is the remainder when 165 is divided by 21?
18
What is the remainder when 43 is divided by 17?
9
Calculate the remainder when 171 is divided by 63.
45
What is the remainder when 232 is divided by 59?
55
Calculate the remainder when 163 is divided by 33.
31
Calculate the remainder when 921 is divided by 305.
6
Calculate the remainder when 213 is divided by 27.
24
Calculate the remainder when 319 is divided by 65.
59
What is the remainder when 88 is divided by 24?
16
Calculate the remainder when 142 is divided by 36.
34
Calculate the remainder when 339 is divided by 323.
16
Calculate the remainder when 106 is divided by 14.
8
What is the remainder when 180 is divided by 47?
39
Calculate the remainder when 1016 is divided by 20.
16
What is the remainder when 563 is divided by 204?
155
Calculate the remainder when 35 is divided by 34.
1
Calculate the remainder when 437 is divided by 22.
19
What is the remainder when 6913 is divided by 13?
10
What is the remainder when 156 is divided by 7?
2
What is the remainder when 592 is divided by 50?
42
Calculate the remainder when 130 is divided by 94.
36
What is the remainder when 354 is divided by 25?
4
Calculate the remainder when 491 is divided by 19.
16
What is the remainder when 502 is divided by 57?
46
Calculate the remainder when 83 is divided by 56.
27
Calculate the remainder when 105 is divided by 21.
0
Calculate the remainder when 53 is divided by 25.
3
What is the remainder when 88 is divided by 79?
9
Calculate the remainder when 491 is divided by 15.
11
Calculate the remainder when 100 is divided by 58.
42
What is the remainder when 199 is divided by 5?
4
Calculate the remainder when 3401 is divided by 212.
9
What is the remainder when 198 is divided by 5?
3
What is the remainder when 599 is divided by 118?
9
What is the remainder when 13572 is divided by 31?
25
What is the remainder when 142 is divided by 78?
64
Calculate the remainder when 1392 is divided by 44.
28
Calculate the remainder when 2942 is divided by 27.
26
What is the remainder when 7 is divided by 3?
1
What is the remainder when 162 is divided by 34?
26
What is the remainder when 58 is divided by 32?
26
Calculate the remainder when 167 is divided by 57.
53
What is the remainder when 96 is divided by 27?
15
Calculate the remainder when 513 is divided by 37.
32
What is the remainder when 970 is divided by 36?
34
Calculate the remainder when 93 is divided by 20.
13
What is the remainder when 56 is divided by 14?
0
What is the remainder when 4246 is divided by 7?
4
What is the remainder when 517 is divided by 133?
118
Calculate the remainder when 878 is divided by 111.
101
What is the remainder when 95 is divided by 17?
10
What is the remainder when 302 is divided by 76?
74
What is the remainder when 11 is divided by 1?
0
What is the remainder when 115 is divided by 60?
55
Calculate the remainder when 368 is divided by 282.
86
What is the remainder when 402 is divided by 27?
24
What is the remainder when 1019 is divided by 73?
70
Calculate the remainder when 886 is divided by 170.
36
Calculate the remainder when 15065 is divided by 13.
11
What is the remainder when 97 is divided by 34?
29
What is the remainder when 687 is divided by 53?
51
Calculate the remainder when 379 is divided by 20.
19
What is the remainder when 624 is divided by 19?
16
What is the remainder when 696 is divided by 70?
66
What is the remainder when 2050 is divided by 93?
4
What is the remainder when 705 is divided by 210?
75
Calculate the remainder when 507 is divided by 17.
14
What is the remainder when 1065 is divided by 26?
25
What is the remainder when 1006 is divided by 168?
166
Calculate the remainder when 67 is divided by 20.
7
What is the remainder when 832 is divided by 51?
16
What is the remainder when 25 is divided by 9?
7
Calculate the remainder when 219 is divided by 8.
3
Calculate the remainder when 10 is divided by 4.
2
Calculate the remainder when 135 is divided by 5.
0
Calculate the remainder when 41 is divided by 7.
6
Calculate the remainder when 197 is divided by 42.
29
What is the remainder when 363 is divided by 122?
119
What is the remainder when 92 is divided by 38?
16
What is the remainder when 317 is divided by 190?
127
What is the remainder when 192 is divided by 46?
8
Calculate the remainder when 496 is divided by 244.
8
What is the remainder when 3660 is divided by 26?
20
What is the remainder when 2446 is divided by 13?
2
Calculate the remainder when 202 is divided by 116.
86
Calculate the remainder when 1464 is divided by 732.
0
What is the remainder when 6723 is divided by 177?
174
Calculate the remainder when 476 is divided by 20.
16
What is the remainder when 18532 is divided by 11?
8
Calculate the remainder when 894 is divided by 247.
153
What is the remainder when 1798 is divided by 90?
88
Calculate the remainder when 1400 is divided by 12.
8
Calculate the remainder when 218 is divided by 17.
14
Calculate the remainder when 16 is divided by 7.
2
What is the remainder when 899 is divided by 53?
51
Calculate the remainder when 1404 is divided by 139.
14
What is the remainder when 243 is divided by 127?
116
What is the remainder when 632 is divided by 13?
8
Calculate the remainder when 98 is divided by 34.
30
What is the remainder when 553 is divided by 9?
4
What is the remainder when 692 is divided by 11?
10
Calculate the remainder when 204 is divided by 47.
16
Calculate the remainder when 179 is divided by 46.
41
What is the remainder when 967 is divided by 206?
143
What is the remainder when 995 is divided by 125?
120
Calculate the remainder when 3519 is divided by 6.
3
What is the remainder when 487 is divided by 95?
12
What is the remainder when 135 is divided by 104?
31
What is the remainder when 224 is divided by 9?
8
Calculate the remainder when 165 is divided by 35